n 131 is divided by u.
32
Suppose -4*i + o = -405, 36 = -2*i + 3*o + 251. Calculate the remainder when 107 is divided by i.
7
What is the remainder when 36 is divided by (-2)/((-4)/(-14) - 1140/3255)?
5
Let o = -290 - -317. What is the remainder when 185 is divided by o?
23
Let w(f) = -f + 14. Let i be w(21). Let a be (i - -3) + (-2 - -3). Calculate the remainder when (-37)/a - (-20)/30 is divided by 7.
6
Suppose 312 = -2*j + 64. Let d = -77 - j. Let z = 11 + 14. Calculate the remainder when d is divided by z.
22
Let t(h) = 7*h**2 - 54*h - 239. Calculate the remainder when t(-5) is divided by 83.
40
Suppose -h + l = -14, -2*h + 27*l + 24 = 23*l. Suppose -i = -0*i - 42. Calculate the remainder when i is divided by h.
10
Let o(t) = 8*t + 9. Suppose -5*p = -1 - 14. Calculate the remainder when o(p) is divided by 9.
6
Suppose -5*n = -5*o - 45, 9*n - 7*n + 4*o = 6. Calculate the remainder when 102 is divided by n.
4
Let l(y) = -6*y - 30. Let n be ((-6)/4)/((-3)/8). Suppose 0 = n*z - 4*s - 132, 4*z - 2*s - 148 = -6*s. What is the remainder when z is divided by l(-7)?
11
Calculate the remainder when (44/(-6) + 7)/((-1)/81) is divided by 5.
2
Let d be (-1)/(-1*1/3). Suppose 0*n + 14 = 3*a - n, d*n = 4*a - 27. Suppose 0 = 6*i - a*i - 225. Calculate the remainder when i is divided by 19.
18
Let k = -53 - -58. Suppose t + m - 12 = 0, -2*m + m = -k*t + 36. Calculate the remainder when 37 is divided by t.
5
Suppose -22*q + 14*q = -88. Let f = 183 - 131. Calculate the remainder when f is divided by q.
8
Let l(x) = -x**3 + x**2 + 5*x + 9. Suppose -2*i = w + 2, -3*w - 3*i = 5 + 4. What is the remainder when l(w) is divided by 14?
13
Suppose 3*u - 82 = -1. What is the remainder when 267 is divided by u?
24
Let n(i) = -i**3 + 2*i**2 + 2*i + 1. Let c be n(3). What is the remainder when (-147)/c + 4/8 is divided by 19?
17
Let l(h) = 16*h - 258. What is the remainder when l(18) is divided by 17?
13
Suppose 121 = 4*f + p, 0 = -3*f + 3*p - 2*p + 82. Suppose 5*n - 27 = -12. What is the remainder when f is divided by 46/6 - (-1)/n?
5
Suppose 3*p - 5*a = 128, -p = -4*p - 5*a + 88. Let h = -30 + p. Calculate the remainder when 16 is divided by h.
4
Suppose 77 = -5*t + 257. Let y = -5 + t. Calculate the remainder when y is divided by 11.
9
What is the remainder when 0 - (8 + -244 - -1) is divided by 20?
15
Suppose -6 = -0*p - 5*p + 2*i, -12 = -2*p - 4*i. Calculate the remainder when 19 is divided by p.
1
Let p(n) = -54*n**3 - n. Let t(s) = 3*s - 16. What is the remainder when p(-1) is divided by t(8)?
7
Suppose 1 = o - 8. Let m(i) = 739*i**2 + 743*i**2 - 1481*i**2 - 5*i - 10. Calculate the remainder when m(o) is divided by 7.
5
Suppose -42*m + 35*m + 497 = 0. What is the remainder when m is divided by 18?
17
Suppose 3*a + 10 = -0*g + g, 26 = 4*g - 5*a. Suppose -3*l - 4*r - 13 = 0, 3*l - 5*r = -g*r - 8. Let s = 14 + l. Calculate the remainder when 42 is divided by s.
9
Let a be (0 + 10)*6/4. Suppose 120 = 5*b - k, -3*b + 4*b - 2*k = a. Calculate the remainder when 97 is divided by b.
22
Suppose 8*k - 5*k - 4*r = 381, -3*k - r = -366. What is the remainder when k is divided by ((-4)/(-10))/((16/(-210))/(-8))?
39
Let a = 429 + -270. What is the remainder when a is divided by 64?
31
Let f = 6 + 0. Suppose 3090 = 44*m - 30*m + 192*m. What is the remainder when m is divided by f?
3
Let k(y) = y**2 + 56*y + 705. Calculate the remainder when k(-51) is divided by 93.
78
Let v(b) = b**2 - 4*b - 11. Let c be v(8). Suppose 4*n + n - 5*j - 65 = 0, -n + c = -5*j. What is the remainder when 32 is divided by n?
10
Let h = -14 - -20. Let m(a) = a + 3 - 2 + 0 + 1. Calculate the remainder when m(8) is divided by h.
4
Suppose 85 = 5*a + 5*r, 3*a - 4*r - 57 = -r. Suppose 2*l - 5*g = l + 95, -3*g + 449 = 4*l. Suppose 2*w + 42 = l. Calculate the remainder when w is divided by a.
16
Let j = 2409 + -3909. Let w = 860 + j. What is the remainder when 52 is divided by 2/(-9) + w/(-45)?
10
Let c = -94 - -113. Let t = 39 - -34. What is the remainder when t is divided by c?
16
Suppose -5*u + 3*n + 1248 = -0*u, -n = -4. Suppose 2*w + 2*s = -3*w + 392, 3*s = 3*w - u. Suppose -y = 4*y - w. Calculate the remainder when 61 is divided by y.
13
Let g be (-61)/(-7) - 4/(-14). Let p = -4 + g. Calculate the remainder when p is divided by (-1421)/(-493) + ((-6)/51)/(-1).
2
Let r(p) = p + 1. Suppose -3*l + 4*q = -66, -110 = -5*l + 26*q - 21*q. What is the remainder when l is divided by r(7)?
6
Suppose 4*f - 2*f - 119 = -3*b, -4*f - 90 = -2*b. Calculate the remainder when b is divided by 13.
2
Suppose -328 + 1012 = 4*z. Calculate the remainder when z is divided by 8.
3
Let x be (-10)/(-4) - 19/38. Suppose x*k + 38 = 5*n, -2*k = -3*n + 3 + 19. What is the remainder when 37 is divided by n?
5
Let b = 11 - 6. Suppose b*z + 4*a - 53 - 15 = 0, 2*z - 44 = 4*a. Calculate the remainder when 109 is divided by z.
13
Suppose v - 115 = -3*l, -23 - 27 = -l + 2*v. Let d = l + -29. Suppose -p = 3*p - 168. What is the remainder when p is divided by d?
9
What is the remainder when 122 is divided by 1/((-4)/(-14)*154/1760)?
2
What is the remainder when 171 is divided by 473/55*10*2/4?
42
Let m = -1318 + 1402. Calculate the remainder when 115 is divided by m.
31
Let g = -14 - 7. What is the remainder when (g/1)/((-15)/20) is divided by 5?
3
Suppose 4*m = -0*z + 3*z - 200, -6 = 3*m. Let u = -42 + z. What is the remainder when 47 is divided by u?
3
Let p be (0/1*-1)/2. Let l be (-100)/(-15)*(-2 + 16/5). Suppose p = x - 11 - l. What is the remainder when 72 is divided by x?
15
Let r(z) = -4*z - 32. Let a be r(-10). Let b(v) = -v**2 + 11*v - 5. Let l = -6 - -43. Calculate the remainder when l is divided by b(a).
18
Let z(a) = -7*a**3 + 1. Let m be z(1). Suppose 4*v - 25 = -5*o, -4*v = 2*o - 30 + 8. Let n = v - m. What is the remainder when 21 is divided by n?
10
Let x(b) = 52*b - 8. What is the remainder when x(1) is divided by 26?
18
Suppose -4*g = -3*h - 2 + 10, -5*h - 2 = g. Suppose h = -3*x + x + 140. Suppose 70 + x = 5*u. What is the remainder when 111 is divided by u?
27
Suppose -g - 7 = -2*n, -3*n - 3*g = -5*g - 10. Suppose -s + 1 = -n. Let o = 8 + 4. Calculate the remainder when o is divided by s.
2
Let b = -77 + 116. Let d be ((-98)/(-8))/(2/16). Suppose 8*v - v = d. Calculate the remainder when b is divided by v.
11
Let v(y) = -181 - 4*y - 4*y + 175. What is the remainder when v(-7) is divided by 14?
8
Suppose 817 + 463 = 20*b. Calculate the remainder when 93 is divided by b.
29
Let y(o) = -o**3 + 98*o**2 + 420*o - 1160. Let u(g) = -40*g + 1. Let i be u(1). Let x = 61 + i. Calculate the remainder when y(102) is divided by x.
20
Let g(q) = q**2 - 8*q + 6. Let c(x) = -x**2 + 9*x - 9. Let a be c(7). Suppose -a*l = y + 6, 4*l - l + 9 = 0. Calculate the remainder when g(10) is divided by y.
8
Suppose 97*k - 800 = 57*k. What is the remainder when 478 is divided by k?
18
Let j = 134 - 10. Calculate the remainder when j is divided by 32.
28
Let u(i) = -6*i + 302. What is the remainder when u(43) is divided by 27?
17
Calculate the remainder when (1/2)/((-4)/(-136)) is divided by ((210/7)/3)/1.
7
Let m(w) = 2*w**2. Let g be m(1). What is the remainder when (g + -3)/((-3)/189) is divided by 13?
11
Let y be 19712/252 - ((-8)/(-18))/2. Let u = y + -53. Calculate the remainder when 95 is divided by u.
20
Suppose 0 = -5*a - 2 + 12. Suppose 2*z - l = -14, -a*z = 3*z + 5*l + 35. What is the remainder when 17 - z/(7/(-3)) is divided by 6?
2
Let y(b) = b**3 + 4*b**2 - 4*b - 4. Suppose -11*a + 122 = -252. What is the remainder when a is divided by y(-4)?
10
Let j(k) = 2*k**3 - 4*k**2 + 24*k - 102. What is the remainder when j(4) is divided by 24?
10
Let f be (-2)/7 - (-675)/35. Suppose f = -5*z - 6. Let n = 13 + z. Calculate the remainder when 23 is divided by n.
7
Let z(k) = -k**3 + 23*k**2 - 20*k + 30. What is the remainder when z(21) is divided by 15?
12
Suppose -6*b + 1902 = -336. What is the remainder when b is divided by 29?
25
Suppose x - 6 = 4. What is the remainder when 16 is divided by x?
6
Suppose 3*u - u = 918. Calculate the remainder when u is divided by 6.
3
Suppose 0 = 2*y - 3*y + 3. Let n(z) = 2*z - 4. Let u(v) = -v + 3. Let g(m) = 2*n(m) + 3*u(m). Calculate the remainder when g(6) is divided by y.
1
Let i = 49 + -29. Let z(y